{"id":557,"date":"2023-08-02T14:29:33","date_gmt":"2023-08-02T12:29:33","guid":{"rendered":"https:\/\/registreerfrl.bwhsite.nl\/homepagina\/"},"modified":"2025-03-20T13:44:02","modified_gmt":"2025-03-20T12:44:02","slug":"homepagina","status":"publish","type":"page","link":"https:\/\/www.registreer.frl\/frl\/","title":{"rendered":"Registrearje no dyn Fryske domeinnamme"},"content":{"rendered":"\n<div class=\"block__container--wrapper main top- bottom- full\">\n\t<div class=\"block__container\">\n\t\t\n\n<section class=\"block_benefits-wrapper block__benefits\">\n\t<div class=\"block-title\">\t\t\t<span class=\"number\">3<\/span>\t\t<h2>foar&shy;dielen<\/h2>\n\t<\/div>\n\t<div class=\"block-benefits\">\n\t\t<div class=\"row\">\n\t\t\t\t<div class=\"benefit-item col-12 col-lg-4\">\t\t\t\t\t\t<div class=\"image\">\n\t\t\t\t\t\t\t<img decoding=\"async\" src=\"https:\/\/www.registreer.frl\/wp-content\/uploads\/2023\/08\/icon_white.svg\" alt=\"\">\n\t\t\t\t\t\t<\/div>\t\t\t\t\t<h3>Foar Friezen<\/h3>\n\t\t\t\t\t<p>In namme seit in soad oer wa\u2019tst bist. Lit mei in Fryske domeinnamme sjen datst Frysk bist en sprek dyn Fryske doelgroep oan. Sa falst op yn Frysl\u00e2n \u00e9n de rest fan \u2019e wr\u00e2ld.<\/p>\n\t\t\t\t<\/div>\n\t\t\t\t<div class=\"benefit-item col-12 col-lg-4\">\t\t\t\t\t\t<div class=\"image\">\n\t\t\t\t\t\t\t<img decoding=\"async\" src=\"https:\/\/www.registreer.frl\/wp-content\/uploads\/2023\/08\/icon_white.svg\" alt=\"\">\n\t\t\t\t\t\t<\/div>\t\t\t\t\t<h3>In soad frije domeinnammen<\/h3>\n\t\t\t\t\t<p lang=\"fy-NL\">In soad .frl-domeinnammen binne noch frij, yn tsjinstelling ta .nl of .com. Registrearje d\u00earom de domeinnamme dy\u2019tst graach ha wolst, foardat in oar it docht!<\/p>\n\t\t\t\t<\/div>\n\t\t\t\t<div class=\"benefit-item col-12 col-lg-4\">\t\t\t\t\t\t<div class=\"image\">\n\t\t\t\t\t\t\t<img decoding=\"async\" src=\"https:\/\/www.registreer.frl\/wp-content\/uploads\/2023\/08\/icon_white.svg\" alt=\"\">\n\t\t\t\t\t\t<\/div>\t\t\t\t\t<h3>Goed te finen<\/h3>\n\t\t\t\t\t<p lang=\"fy-NL\">Mei in Fryske domeinnamme litst sjen w\u00ear\u2019tst te finen bist. Sykmasines sille dy d\u00eartroch earder toane as minsken yn Frysl\u00e2n nei dy op syk binne.<\/p>\n\t\t\t\t<\/div>\t\t<\/div>\n\t<\/div>\n\n<\/section>\n\n\n<div class=\"wp-block-buttons is-content-justification-right is-layout-flex wp-container-core-buttons-is-layout-765c4724 wp-block-buttons-is-layout-flex\">\n<div class=\"wp-block-button\"><a class=\"wp-block-button__link has-text-align-left wp-element-button\" href=\"https:\/\/www.registreer.frl\/frl\/werom-frl\/\">Mear foardielen<\/a><\/div>\n<\/div>\n\n\n\t<\/div>\n<\/div>\n\n<div class=\"wp-block-whitespace large\" aria-hidden=\"true\"><\/div>\n\n\n<h2 class=\"wp-block-heading has-text-align-center\">Sy giene dy<br>foar mei .frl<\/h2>\n\n\n\n<div class=\"block__introduction \">\n\t\n\n<p class=\"has-text-align-center\">Kultuer en toerisme, MKB en multinational, ZZP\u2019er en partikulier:<br><strong>11.000<\/strong> minsken giene dy al foar mei harren .frl-domein.<br>Bisto de folgjende?<\/p>\n\n\n<\/div>\n\n<div class=\"wp-block-whitespace medium\" aria-hidden=\"true\"><\/div>\n\n<div class=\"block__case-carrousel \">\t\t<div class=\"swiper-container case-carrousel\">\n\t\t\t<div class=\"swiper-wrapper\">  <div class=\"swiper-slide\">\n    <a href=\"https:\/\/doarpswurk.frl\" class=\"image\" target=\"_blank\" rel=\"noopener noreferrer\"><img loading=\"lazy\" decoding=\"async\" width=\"500\" height=\"500\" src=\"https:\/\/www.registreer.frl\/wp-content\/uploads\/2023\/09\/case-doarpswurk-500x500.jpg\" class=\"attachment-thumbnail size-thumbnail wp-post-image\" alt=\"\" \/>    <\/a>      <a href=\"https:\/\/doarpswurk.frl\" class=\"case-title\" target=\"_blank\" rel=\"noopener noreferrer\">\n        <span>doarpswurk.frl<\/span>\n      <\/a>    <div class=\"description\">\n      De grutte kr\u00eaft fan lyts sit yn \u00fas doarpen.    <\/div>\n  <\/div>  <div class=\"swiper-slide\">\n    <a href=\"https:\/\/musicaldetocht.frl\" class=\"image\" target=\"_blank\" rel=\"noopener noreferrer\"><img loading=\"lazy\" decoding=\"async\" width=\"500\" height=\"410\" src=\"https:\/\/www.registreer.frl\/wp-content\/uploads\/2023\/09\/case-detocht-500x410.jpg\" class=\"attachment-thumbnail size-thumbnail wp-post-image\" alt=\"\" \/>    <\/a>      <a href=\"https:\/\/musicaldetocht.frl\" class=\"case-title\" target=\"_blank\" rel=\"noopener noreferrer\">\n        <span>musicaldetocht.frl<\/span>\n      <\/a>    <div class=\"description\">\n      It giet oan \u2013 yn it Friso-te\u00e4ter yn Ljouwert.    <\/div>\n  <\/div>  <div class=\"swiper-slide\">\n    <a href=\"https:\/\/klompen.frl\" class=\"image\" target=\"_blank\" rel=\"noopener noreferrer\"><img loading=\"lazy\" decoding=\"async\" width=\"500\" height=\"500\" src=\"https:\/\/www.registreer.frl\/wp-content\/uploads\/2023\/09\/case-klompen-frl-500x500.webp\" class=\"attachment-thumbnail size-thumbnail wp-post-image\" alt=\"\" \/>    <\/a>      <a href=\"https:\/\/klompen.frl\" class=\"case-title\" target=\"_blank\" rel=\"noopener noreferrer\">\n        <span>klompen.frl<\/span>\n      <\/a>    <div class=\"description\">\n      Untdek de skiednis fan Nederl\u00e2ns \u00e2ldste fuotark.    <\/div>\n  <\/div>  <div class=\"swiper-slide\">\n    <a href=\"https:\/\/fryslan.frl\" class=\"image\" target=\"_blank\" rel=\"noopener noreferrer\"><img loading=\"lazy\" decoding=\"async\" width=\"500\" height=\"500\" src=\"https:\/\/www.registreer.frl\/wp-content\/uploads\/2023\/09\/Friese-vlag-500x500.jpg\" class=\"attachment-thumbnail size-thumbnail wp-post-image\" alt=\"\" \/>    <\/a>      <a href=\"https:\/\/fryslan.frl\" class=\"case-title\" target=\"_blank\" rel=\"noopener noreferrer\">\n        <span>fryslan.frl<\/span>\n      <\/a>    <div class=\"description\">\n      De provinsje Frysl\u00e2n stiet foar .frl.    <\/div>\n  <\/div>  <div class=\"swiper-slide\">\n    <a href=\"https:\/\/wrk.frl\" class=\"image\" target=\"_blank\" rel=\"noopener noreferrer\"><img loading=\"lazy\" decoding=\"async\" width=\"500\" height=\"500\" src=\"https:\/\/www.registreer.frl\/wp-content\/uploads\/2023\/09\/case-wrk-frl-500x500.jpg\" class=\"attachment-thumbnail size-thumbnail wp-post-image\" alt=\"\" \/>    <\/a>      <a href=\"https:\/\/wrk.frl\" class=\"case-title\" target=\"_blank\" rel=\"noopener noreferrer\">\n        <span>wrk.frl<\/span>\n      <\/a>    <div class=\"description\">\n      \u00cdt startpunt foar dyn (karri\u00eare)switch nei Frysl\u00e2n.    <\/div>\n  <\/div>\t\t\t<\/div>\n\t\t\t<div class=\"swiper-navs\">\n\t\t\t\t<div class=\"swiper-button-prev\"><\/div>\n\t\t\t\t<div class=\"swiper-button-next\"><\/div>\n\t\t\t<\/div>\n\t\t<\/div><\/div>\n\n<div class=\"wp-block-whitespace large\" aria-hidden=\"true\"><\/div>\n\n\n<div class=\"block__container--wrapper grey top- bottom- full\">\n\t<div class=\"block__container\">\n\t\t\n\n<div class=\"block-review-wrapper block__review\">\n\t<div class=\"block-title\">\n\t\t<h2>Fryske fans <\/h2>\n\t<\/div>\t\t<div class=\"block-reviews\"><div class=\"review-item\">\n  <div class=\"content\">\n    Ik fyn .frl ien fan de moaiste aventoeren dy\u2019t wy meimakke hawwe.  <\/div>\n  <div class=\"person\">\n    <div class=\"image\">\n      <img loading=\"lazy\" decoding=\"async\" width=\"463\" height=\"439\" src=\"https:\/\/www.registreer.frl\/wp-content\/uploads\/2023\/08\/henri-de-jong.png\" class=\"attachment-thumbnail size-thumbnail wp-post-image\" alt=\"\" \/>    <\/div>\n    <span class=\"name\">Henri de Jong<\/span>\n    <span class=\"function\">Oprjochter Mijndomein en FRLregistry<\/span>\n  <\/div>\n<\/div><div class=\"review-item\">\n  <div class=\"content\">\n    .frl is unyk, \u00fbnderskiedend \u00e9n Frysk. De minsken yn Frysl\u00e2n sjogge dat en wolle d\u00ear \u00fbnderdiel fan w\u00eaze.  <\/div>\n  <div class=\"person\">\n    <div class=\"image\">\n      <img loading=\"lazy\" decoding=\"async\" width=\"392\" height=\"323\" src=\"https:\/\/www.registreer.frl\/wp-content\/uploads\/2023\/09\/sietske-poepjes.jpg\" class=\"attachment-thumbnail size-thumbnail wp-post-image\" alt=\"\" \/>    <\/div>\n    <span class=\"name\">Sietske Poepjes<\/span>\n    <span class=\"function\">Deputearre Provinsje Frysl\u00e2n<\/span>\n  <\/div>\n<\/div><div class=\"review-item\">\n  <div class=\"content\">\n    Hoechst \u00e9cht net altyd in pompebl\u00ead te br\u00fbken om sjen te litten w\u00ear\u2019tst wei komst.  <\/div>\n  <div class=\"person\">\n    <div class=\"image\">\n      <img loading=\"lazy\" decoding=\"async\" width=\"500\" height=\"500\" src=\"https:\/\/www.registreer.frl\/wp-content\/uploads\/2023\/08\/vlag-friesland-500x500.png\" class=\"attachment-thumbnail size-thumbnail wp-post-image\" alt=\"\" \/>    <\/div>\n    <span class=\"name\">Marleen Rijpkema<\/span>\n    <span class=\"function\">Projektmanager WRK.frl\/<\/span>\n  <\/div>\n<\/div>\t\t<\/div><\/div>\n\n\t<\/div>\n<\/div>\n\n\n<div class=\"block__container--wrapper  top-grey bottom-white split\">\n\t<div class=\"block__container\">\n\t\t\n\n<div class=\"block__call-to-action--wrapper dark\">\n\t<div class=\"block__container\">\n\t\t\n\n<div class=\"wp-block-columns is-layout-flex wp-container-core-columns-is-layout-9d6595d7 wp-block-columns-is-layout-flex\">\n<div class=\"wp-block-column is-layout-flow wp-block-column-is-layout-flow\">\n<h2 class=\"wp-block-heading\">Sille wy oerstappe?<\/h2>\n\n\n\n<div class=\"wp-block-buttons is-layout-flex wp-block-buttons-is-layout-flex\">\n<div class=\"wp-block-button\"><a class=\"wp-block-button__link wp-element-button\" href=\"https:\/\/www.registreer.frl\/frl\/hoe-wurket-it\/\">L\u00eas fierder<\/a><\/div>\n<\/div>\n<\/div>\n\n\n\n<div class=\"wp-block-column is-layout-flow wp-block-column-is-layout-flow\">\n<p>Hast al in website? Ek dan is in .frl-domein ynteressant. Bygelyks om\u2019tst dy d\u00earmei folle mear mei Frysl\u00e2n ferb\u00fbn fielst. Of om\u2019t dyn besteande domeinnamme in kompromis wie, en de perfekte domeinnamme binnen .frl w\u00f3l beskikber is. Oerstappe nei in .frl-domein is net dreech, mar moat wol mei de goede oandacht barre.<\/p>\n<\/div>\n<\/div>\n\n\n\t<\/div>\n<\/div>\n\n\t<\/div>\n<\/div>\n\n<div class=\"wp-block-whitespace large\" aria-hidden=\"true\"><\/div>\n\n\n<div class=\"wp-block-media-text is-stacked-on-mobile is-image-fill\"><figure class=\"wp-block-media-text__media\" style=\"background-image:url(https:\/\/www.registreer.frl\/wp-content\/uploads\/2023\/08\/registreer-frl.jpg);background-position:50% 50%\"><img loading=\"lazy\" decoding=\"async\" width=\"1920\" height=\"778\" src=\"https:\/\/www.registreer.frl\/wp-content\/uploads\/2023\/08\/registreer-frl.jpg\" alt=\"\" class=\"wp-image-52 size-full\" srcset=\"https:\/\/www.registreer.frl\/wp-content\/uploads\/2023\/08\/registreer-frl.jpg 1920w, https:\/\/www.registreer.frl\/wp-content\/uploads\/2023\/08\/registreer-frl-1200x486.jpg 1200w, https:\/\/www.registreer.frl\/wp-content\/uploads\/2023\/08\/registreer-frl-768x311.jpg 768w, https:\/\/www.registreer.frl\/wp-content\/uploads\/2023\/08\/registreer-frl-1536x622.jpg 1536w\" sizes=\"auto, (max-width: 1920px) 100vw, 1920px\" \/><\/figure><div class=\"wp-block-media-text__content\">\n<h2 class=\"wp-block-heading\">Oer \u00fas<\/h2>\n\n\n\n<p>Frysl\u00e2n is in unyk plak mei in rike kultuer, in eigen taal en in sterke mienskip. .frl bringt dy identiteit nei it wr\u00e2ldwide web, foar de 81.000 bedriuwen en de 650.000 ynwenners fan Frysl\u00e2n en foar de goed 2 miljoen Friezen dy\u2019t earne oars wenje en grutsk binne op harren kom\u00f4f.<\/p>\n\n\n\n<div class=\"wp-block-buttons is-layout-flex wp-block-buttons-is-layout-flex\">\n<div class=\"wp-block-button is-style-outline is-style-outline--1\"><a class=\"wp-block-button__link wp-element-button\" href=\"https:\/\/www.registreer.frl\/frl\/oer-frl\/\">L\u00eas fierder<\/a><\/div>\n<\/div>\n<\/div><\/div>\n\n\n<div class=\"wp-block-whitespace large\" aria-hidden=\"true\"><\/div>\n\n\n<div class=\"block__container--wrapper grey top- bottom- full\">\n\t<div class=\"block__container\">\n\t\t\n<section class=\"block-postcarousel block-postcarousel__latest\">\n\t<h2>Nijs<\/h2>\n\t\t\t\t<div class=\"block-latest-posts\">\n\t\t\t\t<div class=\"row\"><a href=\"https:\/\/www.registreer.frl\/frl\/it-ferhaal-fan-friesland-beweegt\/\"\n  title=\"It ferhaal fan Friesland Beweegt\"\n  class=\"news-item post-item__latest col-12 col-md-6 col-xl-4\">\n  <div class=\"news-image\">\n    <img loading=\"lazy\" decoding=\"async\" width=\"1200\" height=\"849\" src=\"https:\/\/www.registreer.frl\/wp-content\/uploads\/2026\/02\/friesland-beweegt-1-1200x849.jpg\" class=\"attachment-medium size-medium wp-post-image\" alt=\"\" srcset=\"https:\/\/www.registreer.frl\/wp-content\/uploads\/2026\/02\/friesland-beweegt-1-1200x849.jpg 1200w, https:\/\/www.registreer.frl\/wp-content\/uploads\/2026\/02\/friesland-beweegt-1-1920x1358.jpg 1920w, https:\/\/www.registreer.frl\/wp-content\/uploads\/2026\/02\/friesland-beweegt-1-768x543.jpg 768w, https:\/\/www.registreer.frl\/wp-content\/uploads\/2026\/02\/friesland-beweegt-1-1536x1087.jpg 1536w, https:\/\/www.registreer.frl\/wp-content\/uploads\/2026\/02\/friesland-beweegt-1.jpg 1982w\" sizes=\"auto, (max-width: 1200px) 100vw, 1200px\" \/>  <\/div>\n  <div class=\"news-content\">\n    <span class=\"date\">3 febrewaris 2026<\/span>\n    <h3 class=\"pc-title\">It ferhaal fan Friesland Beweegt<\/h3>\n  <\/div>\n<\/a><a href=\"https:\/\/www.registreer.frl\/frl\/it-ferhaal-fan-heitmem-frl\/\"\n  title=\"It ferhaal fan Heit&amp;mem.frl\"\n  class=\"news-item post-item__latest col-12 col-md-6 col-xl-4\">\n  <div class=\"news-image\">\n    <img loading=\"lazy\" decoding=\"async\" width=\"1200\" height=\"800\" src=\"https:\/\/www.registreer.frl\/wp-content\/uploads\/2026\/02\/heit-mem-1200x800.jpg\" class=\"attachment-medium size-medium wp-post-image\" alt=\"\" srcset=\"https:\/\/www.registreer.frl\/wp-content\/uploads\/2026\/02\/heit-mem-1200x800.jpg 1200w, https:\/\/www.registreer.frl\/wp-content\/uploads\/2026\/02\/heit-mem-1920x1280.jpg 1920w, https:\/\/www.registreer.frl\/wp-content\/uploads\/2026\/02\/heit-mem-768x512.jpg 768w, https:\/\/www.registreer.frl\/wp-content\/uploads\/2026\/02\/heit-mem-1536x1024.jpg 1536w, https:\/\/www.registreer.frl\/wp-content\/uploads\/2026\/02\/heit-mem-2048x1365.jpg 2048w\" sizes=\"auto, (max-width: 1200px) 100vw, 1200px\" \/>  <\/div>\n  <div class=\"news-content\">\n    <span class=\"date\">10 novimber 2025<\/span>\n    <h3 class=\"pc-title\">It ferhaal fan Heit&amp;mem.frl<\/h3>\n  <\/div>\n<\/a><a href=\"https:\/\/www.registreer.frl\/frl\/it-ferhaal-fan-provinsje-fryslan\/\"\n  title=\"It ferhaal fan Provinsje Frysl\u00e2n\u00a0\"\n  class=\"news-item post-item__latest col-12 col-md-6 col-xl-4\">\n  <div class=\"news-image\">\n    <img loading=\"lazy\" decoding=\"async\" width=\"1200\" height=\"800\" src=\"https:\/\/www.registreer.frl\/wp-content\/uploads\/2025\/06\/DSC03264-1-1200x800.jpg\" class=\"attachment-medium size-medium wp-post-image\" alt=\"\" srcset=\"https:\/\/www.registreer.frl\/wp-content\/uploads\/2025\/06\/DSC03264-1-1200x800.jpg 1200w, https:\/\/www.registreer.frl\/wp-content\/uploads\/2025\/06\/DSC03264-1-1920x1280.jpg 1920w, https:\/\/www.registreer.frl\/wp-content\/uploads\/2025\/06\/DSC03264-1-768x512.jpg 768w, https:\/\/www.registreer.frl\/wp-content\/uploads\/2025\/06\/DSC03264-1-1536x1024.jpg 1536w, https:\/\/www.registreer.frl\/wp-content\/uploads\/2025\/06\/DSC03264-1-2048x1365.jpg 2048w\" sizes=\"auto, (max-width: 1200px) 100vw, 1200px\" \/>  <\/div>\n  <div class=\"news-content\">\n    <span class=\"date\">23 juny 2025<\/span>\n    <h3 class=\"pc-title\">It ferhaal fan Provinsje Frysl\u00e2n\u00a0<\/h3>\n  <\/div>\n<\/a>\t\t\t\t<\/div>\n\t\t\t<\/div>\n\t\t<div class=\"more-wrapper\">\n\n        \t\t\t\t\t<a class=\"button bordered dark\" href=\"\/frl\/nijs\/\" title=\"Mear nijs\">\n\t\t\t\t\t\tMear nijs\t\t\t\t\t<\/a>\n\t\t\t\t\n\n\n\t<\/div>\n<\/section>\n\n\n\n\t<\/div>\n<\/div>","protected":false},"excerpt":{"rendered":"<p>Sy giene dyfoar mei .frl<\/p>\n","protected":false},"author":1,"featured_media":558,"parent":0,"menu_order":12,"comment_status":"closed","ping_status":"closed","template":"","meta":{"_acf_changed":false,"inline_featured_image":false,"footnotes":""},"class_list":["post-557","page","type-page","status-publish","has-post-thumbnail","hentry"],"acf":[],"yoast_head":"<!-- This site is optimized with the Yoast SEO plugin v27.5 - https:\/\/yoast.com\/product\/yoast-seo-wordpress\/ -->\n<title>Registrearje no dyn Fryske domeinnamme - Registreer FRL<\/title>\n<meta name=\"robots\" content=\"index, follow, max-snippet:-1, max-image-preview:large, max-video-preview:-1\" \/>\n<link rel=\"canonical\" href=\"https:\/\/www.registreer.frl\/frl\/\" \/>\n<meta property=\"og:locale\" content=\"fr_FR\" \/>\n<meta property=\"og:type\" content=\"article\" \/>\n<meta property=\"og:title\" content=\"Registrearje no dyn Fryske domeinnamme - Registreer FRL\" \/>\n<meta property=\"og:description\" content=\"Sy giene dyfoar mei .frl\" \/>\n<meta property=\"og:url\" content=\"https:\/\/www.registreer.frl\/frl\/\" \/>\n<meta property=\"og:site_name\" content=\"Registreer FRL\" \/>\n<meta property=\"article:modified_time\" content=\"2025-03-20T12:44:02+00:00\" \/>\n<meta property=\"og:image\" content=\"https:\/\/www.registreer.frl\/wp-content\/uploads\/2023\/08\/registreer-frl.jpg\" \/>\n\t<meta property=\"og:image:width\" content=\"1920\" \/>\n\t<meta property=\"og:image:height\" content=\"778\" \/>\n\t<meta property=\"og:image:type\" content=\"image\/jpeg\" \/>\n<meta name=\"twitter:card\" content=\"summary_large_image\" \/>\n<meta name=\"twitter:label1\" content=\"Est. reading time\" \/>\n\t<meta name=\"twitter:data1\" content=\"2 minutes\" \/>\n<script type=\"application\/ld+json\" class=\"yoast-schema-graph\">{\"@context\":\"https:\\\/\\\/schema.org\",\"@graph\":[{\"@type\":\"WebPage\",\"@id\":\"https:\\\/\\\/www.registreer.frl\\\/frl\\\/\",\"url\":\"https:\\\/\\\/www.registreer.frl\\\/frl\\\/\",\"name\":\"Registrearje no dyn Fryske domeinnamme - Registreer FRL\",\"isPartOf\":{\"@id\":\"https:\\\/\\\/www.registreer.frl\\\/frl\\\/#website\"},\"primaryImageOfPage\":{\"@id\":\"https:\\\/\\\/www.registreer.frl\\\/frl\\\/#primaryimage\"},\"image\":{\"@id\":\"https:\\\/\\\/www.registreer.frl\\\/frl\\\/#primaryimage\"},\"thumbnailUrl\":\"https:\\\/\\\/www.registreer.frl\\\/wp-content\\\/uploads\\\/2023\\\/08\\\/registreer-frl.jpg\",\"datePublished\":\"2023-08-02T12:29:33+00:00\",\"dateModified\":\"2025-03-20T12:44:02+00:00\",\"breadcrumb\":{\"@id\":\"https:\\\/\\\/www.registreer.frl\\\/frl\\\/#breadcrumb\"},\"inLanguage\":\"frl-FRL\",\"potentialAction\":[{\"@type\":\"ReadAction\",\"target\":[\"https:\\\/\\\/www.registreer.frl\\\/frl\\\/\"]}]},{\"@type\":\"ImageObject\",\"inLanguage\":\"frl-FRL\",\"@id\":\"https:\\\/\\\/www.registreer.frl\\\/frl\\\/#primaryimage\",\"url\":\"https:\\\/\\\/www.registreer.frl\\\/wp-content\\\/uploads\\\/2023\\\/08\\\/registreer-frl.jpg\",\"contentUrl\":\"https:\\\/\\\/www.registreer.frl\\\/wp-content\\\/uploads\\\/2023\\\/08\\\/registreer-frl.jpg\",\"width\":1920,\"height\":778},{\"@type\":\"BreadcrumbList\",\"@id\":\"https:\\\/\\\/www.registreer.frl\\\/frl\\\/#breadcrumb\",\"itemListElement\":[{\"@type\":\"ListItem\",\"position\":1,\"name\":\"Home\",\"item\":\"https:\\\/\\\/www.registreer.frl\\\/frl\\\/\"},{\"@type\":\"ListItem\",\"position\":2,\"name\":\"Registrearje no dyn Fryske domeinnamme\"}]},{\"@type\":\"WebSite\",\"@id\":\"https:\\\/\\\/www.registreer.frl\\\/frl\\\/#website\",\"url\":\"https:\\\/\\\/www.registreer.frl\\\/frl\\\/\",\"name\":\"Registreer FRL\",\"description\":\"\",\"potentialAction\":[{\"@type\":\"SearchAction\",\"target\":{\"@type\":\"EntryPoint\",\"urlTemplate\":\"https:\\\/\\\/www.registreer.frl\\\/frl\\\/?s={search_term_string}\"},\"query-input\":{\"@type\":\"PropertyValueSpecification\",\"valueRequired\":true,\"valueName\":\"search_term_string\"}}],\"inLanguage\":\"frl-FRL\"}]}<\/script>\n<!-- \/ Yoast SEO plugin. -->","yoast_head_json":{"title":"Registrearje no dyn Fryske domeinnamme - Registreer FRL","robots":{"index":"index","follow":"follow","max-snippet":"max-snippet:-1","max-image-preview":"max-image-preview:large","max-video-preview":"max-video-preview:-1"},"canonical":"https:\/\/www.registreer.frl\/frl\/","og_locale":"fr_FR","og_type":"article","og_title":"Registrearje no dyn Fryske domeinnamme - Registreer FRL","og_description":"Sy giene dyfoar mei .frl","og_url":"https:\/\/www.registreer.frl\/frl\/","og_site_name":"Registreer FRL","article_modified_time":"2025-03-20T12:44:02+00:00","og_image":[{"width":1920,"height":778,"url":"https:\/\/www.registreer.frl\/wp-content\/uploads\/2023\/08\/registreer-frl.jpg","type":"image\/jpeg"}],"twitter_card":"summary_large_image","twitter_misc":{"Est. reading time":"2 minutes"},"schema":{"@context":"https:\/\/schema.org","@graph":[{"@type":"WebPage","@id":"https:\/\/www.registreer.frl\/frl\/","url":"https:\/\/www.registreer.frl\/frl\/","name":"Registrearje no dyn Fryske domeinnamme - Registreer FRL","isPartOf":{"@id":"https:\/\/www.registreer.frl\/frl\/#website"},"primaryImageOfPage":{"@id":"https:\/\/www.registreer.frl\/frl\/#primaryimage"},"image":{"@id":"https:\/\/www.registreer.frl\/frl\/#primaryimage"},"thumbnailUrl":"https:\/\/www.registreer.frl\/wp-content\/uploads\/2023\/08\/registreer-frl.jpg","datePublished":"2023-08-02T12:29:33+00:00","dateModified":"2025-03-20T12:44:02+00:00","breadcrumb":{"@id":"https:\/\/www.registreer.frl\/frl\/#breadcrumb"},"inLanguage":"frl-FRL","potentialAction":[{"@type":"ReadAction","target":["https:\/\/www.registreer.frl\/frl\/"]}]},{"@type":"ImageObject","inLanguage":"frl-FRL","@id":"https:\/\/www.registreer.frl\/frl\/#primaryimage","url":"https:\/\/www.registreer.frl\/wp-content\/uploads\/2023\/08\/registreer-frl.jpg","contentUrl":"https:\/\/www.registreer.frl\/wp-content\/uploads\/2023\/08\/registreer-frl.jpg","width":1920,"height":778},{"@type":"BreadcrumbList","@id":"https:\/\/www.registreer.frl\/frl\/#breadcrumb","itemListElement":[{"@type":"ListItem","position":1,"name":"Home","item":"https:\/\/www.registreer.frl\/frl\/"},{"@type":"ListItem","position":2,"name":"Registrearje no dyn Fryske domeinnamme"}]},{"@type":"WebSite","@id":"https:\/\/www.registreer.frl\/frl\/#website","url":"https:\/\/www.registreer.frl\/frl\/","name":"Registreer FRL","description":"","potentialAction":[{"@type":"SearchAction","target":{"@type":"EntryPoint","urlTemplate":"https:\/\/www.registreer.frl\/frl\/?s={search_term_string}"},"query-input":{"@type":"PropertyValueSpecification","valueRequired":true,"valueName":"search_term_string"}}],"inLanguage":"frl-FRL"}]}},"_links":{"self":[{"href":"https:\/\/www.registreer.frl\/frl\/wp-json\/wp\/v2\/pages\/557","targetHints":{"allow":["GET"]}}],"collection":[{"href":"https:\/\/www.registreer.frl\/frl\/wp-json\/wp\/v2\/pages"}],"about":[{"href":"https:\/\/www.registreer.frl\/frl\/wp-json\/wp\/v2\/types\/page"}],"author":[{"embeddable":true,"href":"https:\/\/www.registreer.frl\/frl\/wp-json\/wp\/v2\/users\/1"}],"replies":[{"embeddable":true,"href":"https:\/\/www.registreer.frl\/frl\/wp-json\/wp\/v2\/comments?post=557"}],"version-history":[{"count":5,"href":"https:\/\/www.registreer.frl\/frl\/wp-json\/wp\/v2\/pages\/557\/revisions"}],"predecessor-version":[{"id":2410,"href":"https:\/\/www.registreer.frl\/frl\/wp-json\/wp\/v2\/pages\/557\/revisions\/2410"}],"wp:featuredmedia":[{"embeddable":true,"href":"https:\/\/www.registreer.frl\/frl\/wp-json\/wp\/v2\/media\/558"}],"wp:attachment":[{"href":"https:\/\/www.registreer.frl\/frl\/wp-json\/wp\/v2\/media?parent=557"}],"curies":[{"name":"wp","href":"https:\/\/api.w.org\/{rel}","templated":true}]}}